{"id":1855,"date":"2024-09-07T16:25:25","date_gmt":"2024-09-07T16:25:25","guid":{"rendered":"http:\/\/witoldgromowski.com\/?page_id=1855"},"modified":"2024-09-16T09:46:37","modified_gmt":"2024-09-16T09:46:37","slug":"bartosz-doda-4-dan","status":"publish","type":"page","link":"https:\/\/witoldgromowski.com\/index.php\/bartosz-doda-4-dan\/","title":{"rendered":"Bartosz Doda 4. Dan"},"content":{"rendered":"\n<p>Urodzony w 2000r. w Olsztynie, Taekwon-do trenuje od 2007 roku, czterokrotny z\u0142oty medalista du\u017cych imprez sportowych w Polsce, instruktor Taekwon-do od 2019 roku. Osi\u0105gni\u0119cia: Mistrzostwa Polski 2016r w Toruniu: 1. miejsce uk\u0142ady formalne, 3. miejsce tul dru\u017cynowy  Mistrzostwa Polski 2017r w Krotoszynie: 2. miejsce walka semi-contact Mistrzostwa Warmii i Mazur 2018r w Lidzbarku: 1. miejsce uk\u0142ady formalne, 1. miejsce walka ci\u0105g\u0142a light contact International Polish Taekwondo-do Championship 2018r w Kaliszu: 1. miejsce uk\u0142ady formalne, 3. miejsce walka semi contact, 3. miejsce techniki specjalne Wyjazd z kadr\u0105 narodow\u0105 Polski na Mistrzostwa \u015awiata w Birmingham 2018r. Mistrzostwa Polski 2019r w K\u0105tach Wroc\u0142awskich: 2. miejsce uk\u0142ady formalne <\/p>\n","protected":false},"excerpt":{"rendered":"<p>Urodzony w 2000r. w Olsztynie, Taekwon-do trenuje od 2007 roku, czterokrotny z\u0142oty medalista du\u017cych imprez sportowych w Polsce, instruktor Taekwon-do od 2019 roku. Osi\u0105gni\u0119cia: Mistrzostwa Polski 2016r w Toruniu: 1. miejsce uk\u0142ady formalne, 3. miejsce tul dru\u017cynowy Mistrzostwa Polski 2017r w Krotoszynie: 2. miejsce walka semi-contact Mistrzostwa Warmii i Mazur 2018r w Lidzbarku: 1. miejsce &hellip; <\/p>\n<p class=\"link-more\"><a href=\"https:\/\/witoldgromowski.com\/index.php\/bartosz-doda-4-dan\/\" class=\"more-link\">Czytaj dalej<span class=\"screen-reader-text\"> Bartosz Doda 4. Dan<\/span><\/a><\/p>\n","protected":false},"author":1,"featured_media":0,"parent":0,"menu_order":0,"comment_status":"closed","ping_status":"closed","template":"","meta":{"footnotes":""},"class_list":["post-1855","page","type-page","status-publish","hentry"],"_links":{"self":[{"href":"https:\/\/witoldgromowski.com\/index.php\/wp-json\/wp\/v2\/pages\/1855","targetHints":{"allow":["GET"]}}],"collection":[{"href":"https:\/\/witoldgromowski.com\/index.php\/wp-json\/wp\/v2\/pages"}],"about":[{"href":"https:\/\/witoldgromowski.com\/index.php\/wp-json\/wp\/v2\/types\/page"}],"author":[{"embeddable":true,"href":"https:\/\/witoldgromowski.com\/index.php\/wp-json\/wp\/v2\/users\/1"}],"replies":[{"embeddable":true,"href":"https:\/\/witoldgromowski.com\/index.php\/wp-json\/wp\/v2\/comments?post=1855"}],"version-history":[{"count":2,"href":"https:\/\/witoldgromowski.com\/index.php\/wp-json\/wp\/v2\/pages\/1855\/revisions"}],"predecessor-version":[{"id":1862,"href":"https:\/\/witoldgromowski.com\/index.php\/wp-json\/wp\/v2\/pages\/1855\/revisions\/1862"}],"wp:attachment":[{"href":"https:\/\/witoldgromowski.com\/index.php\/wp-json\/wp\/v2\/media?parent=1855"}],"curies":[{"name":"wp","href":"https:\/\/api.w.org\/{rel}","templated":true}]}}