{"id":24,"date":"2015-10-01T22:13:46","date_gmt":"2015-10-01T22:13:46","guid":{"rendered":"http:\/\/witoldgromowski.com\/?page_id=24"},"modified":"2025-10-07T09:27:00","modified_gmt":"2025-10-07T09:27:00","slug":"taekwondo-gromowski-mlawa-zajecia-sportowe-dla-dzieci-i-doroslych","status":"publish","type":"page","link":"https:\/\/witoldgromowski.com\/index.php\/taekwondo-gromowski-mlawa-zajecia-sportowe-dla-dzieci-i-doroslych\/","title":{"rendered":"M\u0142awa"},"content":{"rendered":"<p>Taekwondo Gromowski M\u0142awa zaj\u0119cia sportowe dla dzieci i doros\u0142ych<\/p>\n<ul>\n<li>miejsce:Sala gimnastyczna szko\u0142y podstawowej nr 7 ul Ordona 14<\/li>\n<li>g\u0142\u00f3wny instruktor prowadz\u0105cy: <a href=\"http:\/\/witoldgromowski.com\/index.php\/instruktorzy\/witold-gromowski-7-dan\" target=\"_blank\" rel=\"noopener noreferrer\">Witold Gromowski 8.Dan<\/a><\/li>\n<li>kontakt: info@witoldgromowski.com , tel. 608326823<\/li>\n<\/ul>\n<p><strong>Godziny zaj\u0119\u0107<\/strong>:<\/p>\n<ul>\n<li>grupa przedszkolna &#8211; Akademia Ruchu &#8211; <strong>od 4 do 7 lat<\/strong><\/li>\n<\/ul>\n<p>wtorek, godz. <strong>17:30 &#8211; 18:30<\/strong><br \/>\nczwartek , godz. <strong>17:30- 18:30<\/strong><\/p>\n<ul>\n<li>grupa wczesnoszkolna i szkolna &#8211; <strong>od 8 do 13 lat<\/strong><\/li>\n<\/ul>\n<p>wtorek, godz.\u00a0<strong> 17:30 &#8211; 18:45<\/strong><\/p>\n<p>czwartek, godz. <strong>17:30 &#8211; 18:45<\/strong><\/p>\n<ul>\n<li>grupa m\u0142odzie\u017cy i doros\u0142ych &#8211; <strong>od 14 lat<\/strong><\/li>\n<\/ul>\n<p>wtorek ,\u00a0 \u00a0 \u00a0godz. <strong>18:45 &#8211; 20:00<\/strong><br \/>\nczwartek, godz. <strong>18:45\u00a0 &#8211; 20:00<\/strong><\/p>\n","protected":false},"excerpt":{"rendered":"<p>Taekwondo Gromowski M\u0142awa zaj\u0119cia sportowe dla dzieci i doros\u0142ych miejsce:Sala gimnastyczna szko\u0142y podstawowej nr 7 ul Ordona 14 g\u0142\u00f3wny instruktor prowadz\u0105cy: Witold Gromowski 8.Dan kontakt: info@witoldgromowski.com , tel. 608326823 Godziny zaj\u0119\u0107: grupa przedszkolna &#8211; Akademia Ruchu &#8211; od 4 do 7 lat wtorek, godz. 17:30 &#8211; 18:30 czwartek , godz. 17:30- 18:30 grupa wczesnoszkolna i &hellip; <\/p>\n<p class=\"link-more\"><a href=\"https:\/\/witoldgromowski.com\/index.php\/taekwondo-gromowski-mlawa-zajecia-sportowe-dla-dzieci-i-doroslych\/\" class=\"more-link\">Czytaj dalej<span class=\"screen-reader-text\"> M\u0142awa<\/span><\/a><\/p>\n","protected":false},"author":1,"featured_media":0,"parent":0,"menu_order":0,"comment_status":"closed","ping_status":"closed","template":"","meta":{"footnotes":""},"class_list":["post-24","page","type-page","status-publish","hentry"],"_links":{"self":[{"href":"https:\/\/witoldgromowski.com\/index.php\/wp-json\/wp\/v2\/pages\/24","targetHints":{"allow":["GET"]}}],"collection":[{"href":"https:\/\/witoldgromowski.com\/index.php\/wp-json\/wp\/v2\/pages"}],"about":[{"href":"https:\/\/witoldgromowski.com\/index.php\/wp-json\/wp\/v2\/types\/page"}],"author":[{"embeddable":true,"href":"https:\/\/witoldgromowski.com\/index.php\/wp-json\/wp\/v2\/users\/1"}],"replies":[{"embeddable":true,"href":"https:\/\/witoldgromowski.com\/index.php\/wp-json\/wp\/v2\/comments?post=24"}],"version-history":[{"count":22,"href":"https:\/\/witoldgromowski.com\/index.php\/wp-json\/wp\/v2\/pages\/24\/revisions"}],"predecessor-version":[{"id":1998,"href":"https:\/\/witoldgromowski.com\/index.php\/wp-json\/wp\/v2\/pages\/24\/revisions\/1998"}],"wp:attachment":[{"href":"https:\/\/witoldgromowski.com\/index.php\/wp-json\/wp\/v2\/media?parent=24"}],"curies":[{"name":"wp","href":"https:\/\/api.w.org\/{rel}","templated":true}]}}