{"id":54,"date":"2015-10-01T22:30:25","date_gmt":"2015-10-01T22:30:25","guid":{"rendered":"http:\/\/witoldgromowski.com\/?page_id=54"},"modified":"2017-11-22T11:12:11","modified_gmt":"2017-11-22T11:12:11","slug":"dzieci-szkolne","status":"publish","type":"page","link":"https:\/\/witoldgromowski.com\/index.php\/dzieci-szkolne\/","title":{"rendered":"Dzieci szkolne"},"content":{"rendered":"<p>Dzieci w wieku szkolnym, czyli od uko\u0144czonego <strong>dziesi\u0105tego<\/strong>, a\u017c do <strong>dwunastego<\/strong> roku \u017cycia.<span lang=\"pl-PL\"><a href=\"http:\/\/witoldgromowski.com\/wp-content\/uploads\/2015\/10\/Taekwondo-Gromowski-Zaj\u0119cia-dla-dzieci-w-wieku-szkolnym-e1472564738427.jpg\"><img loading=\"lazy\" decoding=\"async\" class=\"alignright wp-image-920 size-full\" title=\"Taekwondo Gromowski Zaj\u0119cia sportowe dla dzieci w wieku szkolnym\" src=\"http:\/\/witoldgromowski.com\/wp-content\/uploads\/2015\/10\/Taekwondo-Gromowski-Zaj\u0119cia-dla-dzieci-w-wieku-szkolnym-e1472564738427.jpg\" alt=\"Taekwondo Gromowski Zaj\u0119cia sportowe dla dzieci w wieku szkolnym\" width=\"450\" height=\"299\" \/><\/a><\/span><\/p>\n<p>Trening w tej grupie jest etapem przygotowuj\u0105cym do <strong>pe\u0142nozakresowego<\/strong> treningu Taekwon-do. Obci\u0105\u017cenia fizyczne s\u0105 du\u017co wi\u0119ksze ni\u017c w grupach poprzednich. Wprowadzony zostaje bardziej stanowczy proces dyscyplinowania, ale nadal opiera si\u0119 \u015bci\u015ble na zasadach Taekwon-do, tj.<\/p>\n<ul>\n<li>grzeczno\u015bci, uprzejmo\u015bci (<em>Ye Ui<\/em>),<\/li>\n<li>rzetelno\u015bci, uczciwo\u015bci (<em>Yom Chi<\/em>),<\/li>\n<li>wytrwa\u0142o\u015bci (<em>In Nae<\/em>),<\/li>\n<li>samokontroli, opanowaniu (<em>Guk Gi<\/em>),<\/li>\n<li><span lang=\"pl-PL\">nieugi\u0119tym duchu, odwadze (<\/span><em>Baekjul Boolgool<\/em><span lang=\"pl-PL\">).<\/span><\/li>\n<\/ul>\n<p><span lang=\"pl-PL\">Podczas treningu dzieci ucz\u0105 si\u0119 powy\u017cszych zasad, a tak\u017ce pr\u00f3buj\u0105 przyswoi\u0107 i zaadaptowa\u0107 je w \u017cyciu codziennym. <\/span><span lang=\"pl-PL\">Ponadto <\/span><span lang=\"pl-PL\"><span lang=\"pl-PL\">zdobywaj\u0105 <strong>podstawowe umiej\u0119tno\u015bci samoobrony<\/strong>, ucz\u0105c si\u0119 przy tym przede wszystkim <strong>opanowania<\/strong> w sytuacjach ekstremalnych oraz <strong>przewidywania konsekwencji<\/strong> w\u0142asnych zachowa\u0144<\/span>.<\/span><\/p>\n","protected":false},"excerpt":{"rendered":"<p>Dzieci w wieku szkolnym, czyli od uko\u0144czonego dziesi\u0105tego, a\u017c do dwunastego roku \u017cycia. Trening w tej grupie jest etapem przygotowuj\u0105cym do pe\u0142nozakresowego treningu Taekwon-do. Obci\u0105\u017cenia fizyczne s\u0105 du\u017co wi\u0119ksze ni\u017c w grupach poprzednich. Wprowadzony zostaje bardziej stanowczy proces dyscyplinowania, ale nadal opiera si\u0119 \u015bci\u015ble na zasadach Taekwon-do, tj. grzeczno\u015bci, uprzejmo\u015bci (Ye Ui), rzetelno\u015bci, uczciwo\u015bci (Yom &hellip; <\/p>\n<p class=\"link-more\"><a href=\"https:\/\/witoldgromowski.com\/index.php\/dzieci-szkolne\/\" class=\"more-link\">Czytaj dalej<span class=\"screen-reader-text\"> Dzieci szkolne<\/span><\/a><\/p>\n","protected":false},"author":1,"featured_media":0,"parent":0,"menu_order":0,"comment_status":"closed","ping_status":"closed","template":"template-fullwidth.php","meta":{"footnotes":""},"class_list":["post-54","page","type-page","status-publish","hentry"],"_links":{"self":[{"href":"https:\/\/witoldgromowski.com\/index.php\/wp-json\/wp\/v2\/pages\/54","targetHints":{"allow":["GET"]}}],"collection":[{"href":"https:\/\/witoldgromowski.com\/index.php\/wp-json\/wp\/v2\/pages"}],"about":[{"href":"https:\/\/witoldgromowski.com\/index.php\/wp-json\/wp\/v2\/types\/page"}],"author":[{"embeddable":true,"href":"https:\/\/witoldgromowski.com\/index.php\/wp-json\/wp\/v2\/users\/1"}],"replies":[{"embeddable":true,"href":"https:\/\/witoldgromowski.com\/index.php\/wp-json\/wp\/v2\/comments?post=54"}],"version-history":[{"count":4,"href":"https:\/\/witoldgromowski.com\/index.php\/wp-json\/wp\/v2\/pages\/54\/revisions"}],"predecessor-version":[{"id":1240,"href":"https:\/\/witoldgromowski.com\/index.php\/wp-json\/wp\/v2\/pages\/54\/revisions\/1240"}],"wp:attachment":[{"href":"https:\/\/witoldgromowski.com\/index.php\/wp-json\/wp\/v2\/media?parent=54"}],"curies":[{"name":"wp","href":"https:\/\/api.w.org\/{rel}","templated":true}]}}