{"id":615,"date":"2015-11-05T07:33:28","date_gmt":"2015-11-05T07:33:28","guid":{"rendered":"http:\/\/witoldgromowski.com\/?page_id=615"},"modified":"2017-11-22T11:10:30","modified_gmt":"2017-11-22T11:10:30","slug":"co-to-taekwondo-taekwondo-gromowski","status":"publish","type":"page","link":"https:\/\/witoldgromowski.com\/index.php\/co-to-taekwondo-taekwondo-gromowski\/","title":{"rendered":"Co to jest Taekwon-do?"},"content":{"rendered":"<h4>Co to jest Taekwondo &#8211; Taekwondo Gromowski &#8211; Sztuki Walki Toru\u0144<\/h4>\n<p>Co to jest Taekwondo? Taekwon-do jest korea\u0144sk\u0105 sztuk\u0105 walki i samoobrony.\u00a0Taekwondo Gromowski<\/p>\n<p>Stworzona, nazwana i naukowo opracowana przez genera\u0142a Choi Hong Hi.<br \/>\nTaekwon-do jest kompletnym systemem samoobrony, a tak\u017ce oryginalnym i specyficznym systemem wychowawczym, kt\u00f3ry w spos\u00f3b ca\u0142o\u015bciowy traktuje proces rozwoju psychofizycznego cz\u0142owieka opieraj\u0105c si\u0119 na jego naturalnych instynktach oraz potrzebach. W dniu 11.04.1955 na spotkaniu wi\u0119kszo\u015bci korea\u0144skich mistrz\u00f3w postanowiono skodyfikowa\u0107 nazwy technik oraz \u0107wiczenia formalne, a tak\u017ce nada\u0107 temu zbiorowi nazw\u0119 Taekwon-do.<\/p>\n<p><strong>Pochodzenie<\/strong>.<br \/>\nZabieg ten by\u0142 niezb\u0119dny, gdy\u017c pierwotne korzenie Taekwon-do opieraj\u0105 si\u0119 na tradycyjnych stylach korea\u0144skich (takich jak Soo Bak\u2013Gi i Taek Kyon) oraz na japo\u0144skim (dok\u0142adniej okinawskim) karate. Historia Taekwon-do jest zwi\u0105zana bezpo\u015brednio z histori\u0105 Korei. Powi\u0105zania te, poza technikami, znale\u017a\u0107 mo\u017cna m.in. w zasadach sztuki oraz symbolice <a href=\"http:\/\/witoldgromowski.com\/index.php\/stopnie-cupdan\/\">pas\u00f3w uczniowskich<\/a>, czy przysi\u0119dze.<\/p>\n<p><strong>Znaczenie nazwy.<\/strong><br \/>\nNazwa Taekwon-do sk\u0142ada si\u0119 z trzech fonetycznych cz\u0142on\u00f3w korea\u0144skiej wymowy tzw. Hangul (lub Hangyl), tj.<\/p>\n<p><img loading=\"lazy\" decoding=\"async\" class=\"alignnone\" title=\"Co to jest Taekwondo - Taekwondo Gromowski - Sztuki Walki Toru\u0144\" src=\"https:\/\/www.gpft.proformat.pl\/images\/upload\/nauka\/taekwondo_hangul.png\" alt=\"Co to jest Taekwondo - Taekwondo Gromowski - Sztuki Walki Toru\u0144\" width=\"150\" height=\"200\" \/><\/p>\n<p>&#8211; tae \u2013 oznacza stop\u0119, wyskok lub uderzenie stop\u0105,<br \/>\n&#8211; kwon \u2013 pi\u0119\u015b\u0107 lub uderzenie pi\u0119\u015bci\u0105,<br \/>\n&#8211; do \u2013 sztuk\u0119, drog\u0119 lub metod\u0119.<\/p>\n<p>Taekwon-do jest zatem \u201esztuk\u0105 walki za pomoc\u0105 pi\u0119\u015b\u0107 i n\u00f3g&#8221;, w kt\u00f3rej stosuje si\u0119 bardzo du\u017c\u0105, w zasadzie niespotykan\u0105 w innych sztukach i sportach walki, ilo\u015b\u0107 r\u00f3\u017cnorakich technik r\u0119cznych oraz no\u017cnych. Obrona i atak mog\u0105 by\u0107 swobodnie prowadzone z ziemi i z powietrza, z ka\u017cdego kierunku &#8211; przy u\u017cyciu d\u0142oni, pi\u0119\u015bci, \u0142okci, kolan i st\u00f3p. S\u0142owo \u201edo&#8221; ma bardzo rozleg\u0142e znaczenie, praktycznie niewyt\u0142umaczalne na \u017caden z j\u0119zyk\u00f3w cywilizacji zachodnich. Oznacza zar\u00f3wno drog\u0119 \u017cycia, rozwa\u017canie jego sensu i celu oraz drog\u0119 d\u0105\u017cenia do doskona\u0142o\u015bci. Zatem istot\u0105 treningu dla ka\u017cdego trenuj\u0105cego jest samodoskonalenie.<\/p>\n","protected":false},"excerpt":{"rendered":"<p>Co to jest Taekwondo &#8211; Taekwondo Gromowski &#8211; Sztuki Walki Toru\u0144 Co to jest Taekwondo? Taekwon-do jest korea\u0144sk\u0105 sztuk\u0105 walki i samoobrony.\u00a0Taekwondo Gromowski Stworzona, nazwana i naukowo opracowana przez genera\u0142a Choi Hong Hi. Taekwon-do jest kompletnym systemem samoobrony, a tak\u017ce oryginalnym i specyficznym systemem wychowawczym, kt\u00f3ry w spos\u00f3b ca\u0142o\u015bciowy traktuje proces rozwoju psychofizycznego cz\u0142owieka opieraj\u0105c &hellip; <\/p>\n<p class=\"link-more\"><a href=\"https:\/\/witoldgromowski.com\/index.php\/co-to-taekwondo-taekwondo-gromowski\/\" class=\"more-link\">Czytaj dalej<span class=\"screen-reader-text\"> Co to jest Taekwon-do?<\/span><\/a><\/p>\n","protected":false},"author":1,"featured_media":0,"parent":0,"menu_order":0,"comment_status":"closed","ping_status":"closed","template":"template-fullwidth.php","meta":{"footnotes":""},"class_list":["post-615","page","type-page","status-publish","hentry"],"_links":{"self":[{"href":"https:\/\/witoldgromowski.com\/index.php\/wp-json\/wp\/v2\/pages\/615","targetHints":{"allow":["GET"]}}],"collection":[{"href":"https:\/\/witoldgromowski.com\/index.php\/wp-json\/wp\/v2\/pages"}],"about":[{"href":"https:\/\/witoldgromowski.com\/index.php\/wp-json\/wp\/v2\/types\/page"}],"author":[{"embeddable":true,"href":"https:\/\/witoldgromowski.com\/index.php\/wp-json\/wp\/v2\/users\/1"}],"replies":[{"embeddable":true,"href":"https:\/\/witoldgromowski.com\/index.php\/wp-json\/wp\/v2\/comments?post=615"}],"version-history":[{"count":12,"href":"https:\/\/witoldgromowski.com\/index.php\/wp-json\/wp\/v2\/pages\/615\/revisions"}],"predecessor-version":[{"id":1235,"href":"https:\/\/witoldgromowski.com\/index.php\/wp-json\/wp\/v2\/pages\/615\/revisions\/1235"}],"wp:attachment":[{"href":"https:\/\/witoldgromowski.com\/index.php\/wp-json\/wp\/v2\/media?parent=615"}],"curies":[{"name":"wp","href":"https:\/\/api.w.org\/{rel}","templated":true}]}}